 the units digit of d?
8
Suppose -61*w - 15 = -66*w. Suppose -w*z + 461 - 128 = 0. What is the hundreds digit of z?
1
Let b be (-1749)/(-22)*4/(-6). Let h = b - -104. What is the tens digit of h?
5
Let k(c) = -c**3 + 11*c**2 - c + 14. Let u be k(11). Suppose u*q = -3*m + 47 + 49, 0 = -2*q + 5*m + 50. What is the tens digit of q?
3
Let o = -1177 - -2030. What is the tens digit of o?
5
Suppose 2*d = 18 + 2. Suppose -3*j - d = -8*j. Suppose 2*k + j*k = 32. What is the units digit of k?
8
Suppose u + u + x - 308 = 0, 310 = 2*u + 2*x. Let y be (-2 - -1)*-2*-1. What is the units digit of y/3 + u/27?
5
What is the units digit of -3*(1866/(-18) - -4)?
9
What is the units digit of (-2)/(-21) - (-1420)/84?
7
Suppose 0 = 2*b - 5*c - 552, -4*c - 1413 = -5*b - 8*c. What is the units digit of b?
1
Suppose -b = -3*o + 27, 6*o - 50 = 2*b + o. Suppose 0*j - 44 = 4*j. Let f = j - b. What is the units digit of f?
4
Suppose 13*g + 473 = 14*g + a, 4*g - 4*a = 1924. What is the tens digit of g?
7
Let u be (-252)/(-66) + 4/22. Let w(q) = 4 - 5 + u*q + 2 - 6. What is the units digit of w(4)?
1
Suppose 5*z = 6*z - 22. Let s = 16 - 12. Let l = z + s. What is the tens digit of l?
2
Suppose 2*t = 5*a - 79, -2*t + 3*t - 2*a + 40 = 0. Let g = 180 + t. What is the hundreds digit of g?
1
Let r(m) = -9*m - 28. Let g = -48 - -29. What is the units digit of r(g)?
3
Suppose -214*z + 207*z = -5019. What is the tens digit of z?
1
Suppose -5*n + 18688 = 11*n. What is the tens digit of n?
6
Let c = -14 - -30. Suppose 0 = c*f - 15*f - 31. What is the units digit of f?
1
What is the thousands digit of (2 - (-15)/(-12))/(66/361768)?
4
Let u(h) = 58*h**2 - 72*h + 90. What is the thousands digit of u(10)?
5
Let q be 4/18 - 804/(-27). Suppose 4*j = 5*j - q. What is the tens digit of j?
3
Suppose 0 = -14*t + 1251 + 1843. What is the hundreds digit of t?
2
Suppose -w = -4*j + 1, -3*w - 2 = -w. Suppose j = -3*y - 15 - 24. Let d(f) = f**3 + 12*f**2 - 18*f + 7. What is the tens digit of d(y)?
7
Let f(c) = c**2 - 3*c. Let y = -9 + 13. Let w be f(y). Suppose -2*i - 2*g = -4 - w, 5*i - 56 = 4*g. What is the units digit of i?
8
Suppose -3*s - 327 + 60 = 0. Let r = s - -149. What is the tens digit of r?
6
Suppose 3*q - 16 = q. Suppose 5*v - l = -0*v - 24, -3*l + 12 = 0. Let o = q - v. What is the units digit of o?
2
Let p(t) = -2*t**3 - 11*t**2 - 47*t - 9. What is the hundreds digit of p(-8)?
6
Let q = -10 - -10. Suppose 3*v - 3*i + 63 = 0, -v + 2*v + 5*i + 9 = q. Let d = v - -36. What is the tens digit of d?
1
Suppose 5*x + 4*u - 15 = 0, 0 = -4*x - 5*u - 0 + 3. Suppose 17*v - x*v - 490 = 0. What is the units digit of v?
9
Let n = 1983 + -478. Suppose 22*j = 17*j + n. What is the hundreds digit of j?
3
Let i be ((-57)/95)/(2/(-10)). Let c be (-61)/3 + 1/i. Let k = -16 - c. What is the units digit of k?
4
Let q(c) = 4*c - 2. Let r(k) be the first derivative of k + 4. Let y(b) = q(b) - 5*r(b). What is the units digit of y(6)?
7
Suppose -17*k + 20*k + 69 = 0. Let f be k/(-6) - (-4)/24. Suppose -s + 9 + f = 0. What is the tens digit of s?
1
Let z(h) = h**2 + 11*h + 4. Let p be z(-10). Let k = p - 3. What is the units digit of 4*(k/6 - -2)?
2
Suppose -24*c + 2267 + 1693 = 0. What is the units digit of c?
5
Let k be (-5)/((2 + -1)*-1). Suppose 2*d - 4*d + 295 = -3*n, -k*n = 4*d - 535. Suppose 217 = 7*m - d. What is the tens digit of m?
5
Let k = 19 + -12. Let y(z) = 1 - 11*z + 6 + 3*z**3 + k - 2*z**3 + 10*z**2. What is the tens digit of y(-11)?
1
Let h(n) = 3*n**3 - 18*n**2 + 9*n - 2. Let b(s) = s**3 - 6*s**2 + 3*s - 1. Let t(q) = 11*b(q) - 4*h(q). Let y be 2/3 + 10/3. What is the tens digit of t(y)?
1
Suppose -5*q = -q - 20. Suppose -4*w + 7 + q = 0. What is the units digit of w/((-6)/(-8)) + 3?
7
Let h(c) = 26*c**2 - c - 130. What is the hundreds digit of h(-10)?
4
Let j = 833 - 200. What is the units digit of j?
3
Suppose g - 5*g = -108. Let j be (-3 - 68/(-12))*g. Suppose 5*y - y = j. What is the tens digit of y?
1
Let s(u) = 2*u + 3. Suppose 0 = -4*l + l - 5*q - 10, 5*q = -2*l - 10. Let h be s(l). Suppose -3*w - b = -81, -2*b - 13 + 94 = h*w. What is the tens digit of w?
2
Suppose 4*v = d - 455 - 12, 2*d - 934 = -v. What is the tens digit of d?
6
What is the hundreds digit of (-14)/(-77) - 4*(-5730)/22?
0
Let q(a) = -199*a + 57. What is the tens digit of q(-2)?
5
Suppose 34*p - 14*p = 37600. What is the hundreds digit of p?
8
Let i be 2 + -2*2/4. Let n be -2*(i - 6/(-4)). What is the tens digit of (-42)/5*n*1?
4
Let k be (-8)/(-10) + 2/10. Let s be k - (-2)/((-2)/(-3)). Suppose -3*u = s*w - 151, -3*w = -6*w - 3*u + 117. What is the tens digit of w?
3
Suppose 13170 = 13*t - 402. What is the tens digit of t?
4
Let j = 580 - -143. What is the hundreds digit of j?
7
Suppose 22*t = 15*t + 1225. What is the hundreds digit of t?
1
Suppose 5*z + 38 = 2*d, 5*z = -d + 39 - 5. Suppose d + 24 = 4*c. What is the tens digit of c?
1
Let i(r) = -7*r - 7 + 2*r - 2*r**3 + 6*r - 7*r**2. What is the tens digit of i(-5)?
6
Let p(u) = -u + 2*u**2 + u**3 - u**2 + 16 + 0*u**3 + 0*u**3. Let n be p(0). Suppose -4*r + 84 = -n. What is the units digit of r?
5
Suppose -2*k = -4*w - 110, -w - 3*k = -0*w + 17. Let a = w - -36. Suppose -2*x - a = -80. What is the tens digit of x?
3
Let k(m) = 11*m**2 + 30*m + 156. What is the thousands digit of k(-17)?
2
What is the units digit of 5/(-4 + -1) - (-2608 + -9)?
6
Let i = 15 + -12. Suppose -i*z + 6 = -2*z. Suppose 2*b = z*b - 68. What is the units digit of b?
7
What is the hundreds digit of 2*(-5)/(-15) - 2253/(-9)?
2
Suppose 0 = 4*h + 19*h - 14352. What is the units digit of h?
4
Let g = 641 + -239. Suppose y = 4*i + 124, 2*i + i - g = -3*y. What is the units digit of y?
2
Suppose 10*o - 160 = 470. What is the units digit of o?
3
Suppose 0 = -4*w + 899 + 1417. What is the hundreds digit of w?
5
What is the hundreds digit of (1/(-3))/(-1) - 7018/(-33)?
2
Let s(x) = x + 47. Let n(f) = -5*f**2 - 4*f - 1. Let o be n(-2). What is the units digit of s(o)?
4
Let y = 18 + 541. What is the hundreds digit of y?
5
What is the tens digit of 138398/91 - (-4)/28?
2
Suppose 2*v + v + 12 = n, n + v = 28. Let i = 39 - n. What is the tens digit of i?
1
Let q(h) = -2*h**3 - 12*h**2 + 25. Let z be (1*-2)/((-12)/(-48)). What is the units digit of q(z)?
1
Let g(x) = x**3 + x + 1. Let s(j) = j**3 - 12*j**2 - 4. Let h(n) = -2*g(n) + s(n). Suppose v + 0*a - 2*a = -8, 10 = -v + a. What is the units digit of h(v)?
8
Let j = 930 - 722. What is the units digit of j?
8
What is the units digit of 31/(279/25002) + (1 - 0)?
9
Let t(h) = h + 17. Suppose 2*f + 4 = -2. Let v be f - 12/((-8)/2). What is the units digit of t(v)?
7
Suppose -2*v + 1523 = -893. What is the tens digit of v?
0
Suppose 0 = -4*x + 143 - 831. Let y = x + 100. What is the units digit of 1/((-3)/y + 0)?
4
Let t = 47 - 30. Suppose 0 = -4*h - 5 + t. Suppose 5*k - 3*l + 0*l = 56, -h*l + 14 = 2*k. What is the units digit of k?
0
Let x(q) = -q**3 - 31*q**2 - 10*q - 102. What is the tens digit of x(-32)?
4
Suppose -9 = -5*c + 31. Let a = c - 8. Suppose a*u - 2 = -2*u. What is the units digit of u?
1
Let t(c) = 13*c**2 + 30*c + 451. What is the thousands digit of t(-14)?
2
Let y(c) = c**3 + c**2. Let l be y(0). Suppose l = -s - 4, -4*s + 29 = -3*w. Let v = w - -16. What is the units digit of v?
1
Let p = 786 - 460. What is the hundreds digit of p?
3
Suppose 2*s - 319 = 6*i - 11*i, -5*s + 832 = i. Suppose m = 2*c + 169, 3*m + s = 4*m - c. What is the hundreds digit of m?
1
Let y = 37 + -39. What is the units digit of y*(1 + 2 - (-90)/(-4))?
9
Let g = -8222 - -12606. What is the units digit of g?
4
Let u = -27 + 59. What is the tens digit of (-1 + 25)*u/12?
6
Let z(b) = -b**3 - 9*b**2 - 10*b + 7. Let v be z(-8). Suppose 0 = t - 3*p - v, -3*p - 20 = -t + p. Suppose -f = 3*f - t. What is the units digit of f?
8
Let c be ((-10)/4)/((-35)/252). Suppose -4*f + 3*k + 10 = -114, -f = -4*k - c. What is the units digit of f?
4
Let r(i) = i**3 + 8*i**2 + 6*i + 1. Let n be r(-7). Let k(p) = 2*p - 15. What is the units digit of k(n)?
1
Let m(q) = 536*q + 113. What is the thousands digit of m(2)?
1
Let a be (-20)/(-7)*(-11 - -18). Let g = a - 1. Let p = 42 - g. What is the units digit of p?
3
Let l(d) = -12*d - 2. Let g be l(4). Let s = g + 54. What is the units d